{"id":112,"date":"2025-08-26T18:26:55","date_gmt":"2025-08-26T16:26:55","guid":{"rendered":"https:\/\/weserigel.de\/?page_id=112"},"modified":"2025-09-10T01:01:55","modified_gmt":"2025-09-09T23:01:55","slug":"igelstation-weserigel","status":"publish","type":"page","link":"https:\/\/weserigel.de\/index.php\/igelstation-weserigel\/","title":{"rendered":"Igelstation Weserigel"},"content":{"rendered":"\n<p>Die kleine Igelstation Weserigel er\u00f6ffnete im September 2024 in Hameln und hat Platz f\u00fcr 11 Igel in Not. Zur Notfallversorgung und Pflege von Igeln bietet die zertifizierte Igelstation Weserigel Unterst\u00fctzung und Beratung an, sowie Begleitung von Auswilderungen.<\/p>\n\n\n\n<figure class=\"wp-block-image size-large\"><img loading=\"lazy\" decoding=\"async\" width=\"992\" height=\"1024\" src=\"https:\/\/weserigel.de\/wp-content\/uploads\/2025\/08\/weserigel-7932-scaled-e1756150712920-992x1024.jpg\" alt=\"\" class=\"wp-image-29\" srcset=\"https:\/\/weserigel.de\/wp-content\/uploads\/2025\/08\/weserigel-7932-scaled-e1756150712920-992x1024.jpg 992w, https:\/\/weserigel.de\/wp-content\/uploads\/2025\/08\/weserigel-7932-scaled-e1756150712920-291x300.jpg 291w, https:\/\/weserigel.de\/wp-content\/uploads\/2025\/08\/weserigel-7932-scaled-e1756150712920-768x793.jpg 768w, https:\/\/weserigel.de\/wp-content\/uploads\/2025\/08\/weserigel-7932-scaled-e1756150712920-1488x1536.jpg 1488w, https:\/\/weserigel.de\/wp-content\/uploads\/2025\/08\/weserigel-7932-scaled-e1756150712920.jpg 1550w\" sizes=\"auto, (max-width: 992px) 100vw, 992px\" \/><figcaption class=\"wp-element-caption\">\u00a9Fotos von Blickwinkel Fotografie Vanessa von Wieding<\/figcaption><\/figure>\n\n\n\n<p>Neben der Versorgung von Igeln unterst\u00fctzen wir den Aufbau eines regionalen Wildtierschutz Netzwerk in Hameln. Gerne bieten wir in Kitas, Schulen sowie f\u00fcr Vereine, Altenheime und f\u00fcr alle Interessierten Grundlagenkurse in Igelschutz an. Auch in einfacher Sprache.<\/p>\n\n\n\n<div class=\"wp-block-group is-layout-constrained wp-block-group-is-layout-constrained\">\n<p><strong>Kontakt:<\/strong><\/p>\n\n\n\n<p>Merve Mareike Nietardt<\/p>\n\n\n\n<p><strong>Email<\/strong>: igel[at]weserigel.de<\/p>\n\n\n\n<p><strong>Instagram:<\/strong> @Weserigel2024<\/p>\n<\/div>\n\n\n\n<figure class=\"wp-block-image size-large\"><img loading=\"lazy\" decoding=\"async\" width=\"683\" height=\"1024\" src=\"https:\/\/weserigel.de\/wp-content\/uploads\/2025\/08\/weserigel-7715-683x1024.jpg\" alt=\"Igelstation Weserigel\" class=\"wp-image-31\" srcset=\"https:\/\/weserigel.de\/wp-content\/uploads\/2025\/08\/weserigel-7715-683x1024.jpg 683w, https:\/\/weserigel.de\/wp-content\/uploads\/2025\/08\/weserigel-7715-200x300.jpg 200w, https:\/\/weserigel.de\/wp-content\/uploads\/2025\/08\/weserigel-7715-768x1152.jpg 768w, https:\/\/weserigel.de\/wp-content\/uploads\/2025\/08\/weserigel-7715-1024x1536.jpg 1024w, https:\/\/weserigel.de\/wp-content\/uploads\/2025\/08\/weserigel-7715-1366x2048.jpg 1366w, https:\/\/weserigel.de\/wp-content\/uploads\/2025\/08\/weserigel-7715-scaled.jpg 1707w\" sizes=\"auto, (max-width: 683px) 100vw, 683px\" \/><figcaption class=\"wp-element-caption\">\u00a9Fotos von Blickwinkel Fotografie Vanessa von Wieding<\/figcaption><\/figure>\n\n\n\n<p><\/p>\n","protected":false},"excerpt":{"rendered":"<p>Die kleine Igelstation Weserigel er\u00f6ffnete im September 2024 in Hameln und hat Platz f\u00fcr 11 Igel in Not. Zur Notfallversorgung und Pflege von Igeln bietet die zertifizierte Igelstation Weserigel Unterst\u00fctzung und Beratung an, sowie Begleitung von Auswilderungen. Neben der Versorgung von Igeln unterst\u00fctzen wir den Aufbau eines regionalen Wildtierschutz Netzwerk in Hameln. Gerne bieten wir [&hellip;]<\/p>\n","protected":false},"author":3,"featured_media":0,"parent":0,"menu_order":2,"comment_status":"closed","ping_status":"closed","template":"","meta":{"footnotes":""},"class_list":["post-112","page","type-page","status-publish","hentry"],"_links":{"self":[{"href":"https:\/\/weserigel.de\/index.php\/wp-json\/wp\/v2\/pages\/112","targetHints":{"allow":["GET"]}}],"collection":[{"href":"https:\/\/weserigel.de\/index.php\/wp-json\/wp\/v2\/pages"}],"about":[{"href":"https:\/\/weserigel.de\/index.php\/wp-json\/wp\/v2\/types\/page"}],"author":[{"embeddable":true,"href":"https:\/\/weserigel.de\/index.php\/wp-json\/wp\/v2\/users\/3"}],"replies":[{"embeddable":true,"href":"https:\/\/weserigel.de\/index.php\/wp-json\/wp\/v2\/comments?post=112"}],"version-history":[{"count":7,"href":"https:\/\/weserigel.de\/index.php\/wp-json\/wp\/v2\/pages\/112\/revisions"}],"predecessor-version":[{"id":213,"href":"https:\/\/weserigel.de\/index.php\/wp-json\/wp\/v2\/pages\/112\/revisions\/213"}],"wp:attachment":[{"href":"https:\/\/weserigel.de\/index.php\/wp-json\/wp\/v2\/media?parent=112"}],"curies":[{"name":"wp","href":"https:\/\/api.w.org\/{rel}","templated":true}]}}

<p>Die kleine Igelstation Weserigel eröffnete im September 2024 in Hameln und hat Platz für 11 Igel in Not. Zur Notfallversorgung und Pflege von Igeln bietet die zertifizierte Igelstation Weserigel Unterstützung und Beratung an, sowie Begleitung von Auswilderungen.</p>



<figure class="wp-block-image size-large"><img loading="lazy" decoding="async" width="992" height="1024" src="https://weserigel.de/wp-content/uploads/2025/08/weserigel-7932-scaled-e1756150712920-992x1024.jpg" alt="" class="wp-image-29" srcset="https://weserigel.de/wp-content/uploads/2025/08/weserigel-7932-scaled-e1756150712920-992x1024.jpg 992w, https://weserigel.de/wp-content/uploads/2025/08/weserigel-7932-scaled-e1756150712920-291x300.jpg 291w, https://weserigel.de/wp-content/uploads/2025/08/weserigel-7932-scaled-e1756150712920-768x793.jpg 768w, https://weserigel.de/wp-content/uploads/2025/08/weserigel-7932-scaled-e1756150712920-1488x1536.jpg 1488w, https://weserigel.de/wp-content/uploads/2025/08/weserigel-7932-scaled-e1756150712920.jpg 1550w" sizes="auto, (max-width: 992px) 100vw, 992px" /><figcaption class="wp-element-caption">©Fotos von Blickwinkel Fotografie Vanessa von Wieding</figcaption></figure>



<p>Neben der Versorgung von Igeln unterstützen wir den Aufbau eines regionalen Wildtierschutz Netzwerk in Hameln. Gerne bieten wir in Kitas, Schulen sowie für Vereine, Altenheime und für alle Interessierten Grundlagenkurse in Igelschutz an. Auch in einfacher Sprache.</p>



<div class="wp-block-group is-layout-constrained wp-block-group-is-layout-constrained">
<p><strong>Kontakt:</strong></p>



<p>Merve Mareike Nietardt</p>



<p><strong>Email</strong>: igel[at]weserigel.de</p>



<p><strong>Instagram:</strong> @Weserigel2024</p>
</div>



<figure class="wp-block-image size-large"><img loading="lazy" decoding="async" width="683" height="1024" src="https://weserigel.de/wp-content/uploads/2025/08/weserigel-7715-683x1024.jpg" alt="Igelstation Weserigel" class="wp-image-31" srcset="https://weserigel.de/wp-content/uploads/2025/08/weserigel-7715-683x1024.jpg 683w, https://weserigel.de/wp-content/uploads/2025/08/weserigel-7715-200x300.jpg 200w, https://weserigel.de/wp-content/uploads/2025/08/weserigel-7715-768x1152.jpg 768w, https://weserigel.de/wp-content/uploads/2025/08/weserigel-7715-1024x1536.jpg 1024w, https://weserigel.de/wp-content/uploads/2025/08/weserigel-7715-1366x2048.jpg 1366w, https://weserigel.de/wp-content/uploads/2025/08/weserigel-7715-scaled.jpg 1707w" sizes="auto, (max-width: 683px) 100vw, 683px" /><figcaption class="wp-element-caption">©Fotos von Blickwinkel Fotografie Vanessa von Wieding</figcaption></figure>



<p></p>

<p>Die kleine Igelstation Weserigel eröffnete im September 2024 in Hameln und hat Platz für 11 Igel in Not. Zur Notfallversorgung und Pflege von Igeln bietet die zertifizierte Igelstation Weserigel Unterstützung und Beratung an, sowie Begleitung von Auswilderungen. Neben der Versorgung von Igeln unterstützen wir den Aufbau eines regionalen Wildtierschutz Netzwerk in Hameln. Gerne bieten wir [&hellip;]</p>
