{"id":114,"date":"2025-08-26T18:23:58","date_gmt":"2025-08-26T16:23:58","guid":{"rendered":"https:\/\/weserigel.de\/?page_id=114"},"modified":"2025-09-10T00:56:51","modified_gmt":"2025-09-09T22:56:51","slug":"igel-in-not","status":"publish","type":"page","link":"https:\/\/weserigel.de\/","title":{"rendered":"Igel in Not"},"content":{"rendered":"\n<p>Seit August 2025 ist der Igel auf der Nds Vorwarnliste der Roten Liste. Durch das massive Artensterben der Insekten fehlt Igeln ihre Lebensgrundlage.<\/p>\n\n\n\n<p>Der Bestand der Igel hat sich in den letzten Jahren stark reduziert. Sein Lebensraum wird durch uns Menschen mit unserer Technik immer mehr zerst\u00f6rt. Verletzungen durch Gartenmaschinen, Tod durch den Stra\u00dfenverkehr oder qualvolles Verhungern sind die h\u00e4ufigsten Todesarten von Igeln. Gro\u00dfe Gefahren f\u00fcr Igel bestehen durch Motorsensen, Rasentrimmer, Rasenm\u00e4hroboter, Netze\/ Plastikschn\u00fcre, Maschendrahtz\u00e4une, Schneckenkorn, Rattengift, M\u00fcll, Kellersch\u00e4chte und Schlagfallen.<\/p>\n\n\n\n<p>Igelkinder haben deswegen kaum eine Chance, mit gen\u00fcgend Gewicht (mind 600g.) ihren Winterschlaf zu \u00fcberleben.<\/p>\n\n\n\n<p>Igel essen nur Insekten und vertragen keine Haferflocken, Obst oder N\u00fcsse. Eine Futterstelle mit hochwertigem Katzentrockenfutter mit mind. 70% Fleisch (kein Getreide, kein Gelee) kann im Herbst unterst\u00fctzen, aber auch in trockenen Sommern mit genug Wasserschalen eine gro\u00dfe Hilfe sein. Besonders schwangere, sowie s\u00e4ugende Igeldamen brauchen schon im Sp\u00e4tsommer ebenfalls einen leichten Zugang zu genug Futterstellen. Um so mehr sie ihr &#8222;Futter suchen&#8220; m\u00fcssen, um so mehr laufen die Igelmutter und ihr Nachwuchs Gefahr zu versterben.<\/p>\n\n\n\n<p>Mit einem Futterhaus gelingt das F\u00fcttern von Igeln:<\/p>\n\n\n\n<p>Bauanleitungen finden sich unter: <a href=\"https:\/\/weserigel.de\/index.php\/bau-dir-dein-igelparadies\/\" data-type=\"page\" data-id=\"124\" target=\"_blank\" rel=\"noreferrer noopener\"><strong>Bau dir dein Igelparadies<\/strong><\/a><\/p>\n\n\n\n<p>Hilfebed\u00fcrftige Igel sind krank, husten oder sind verletzt, geschw\u00e4cht, torkeln. Aber sie k\u00f6nnen auch einsame S\u00e4uglinge sein, tagaktiv oder \/ und von Fliegen umgeben.<\/p>\n\n\n\n<figure class=\"wp-block-image size-large\"><img loading=\"lazy\" decoding=\"async\" width=\"1024\" height=\"625\" src=\"https:\/\/weserigel.de\/wp-content\/uploads\/2025\/08\/weserigel-7749-scaled-e1756158276270-1024x625.jpg\" alt=\"\" class=\"wp-image-120\" srcset=\"https:\/\/weserigel.de\/wp-content\/uploads\/2025\/08\/weserigel-7749-scaled-e1756158276270-1024x625.jpg 1024w, https:\/\/weserigel.de\/wp-content\/uploads\/2025\/08\/weserigel-7749-scaled-e1756158276270-300x183.jpg 300w, https:\/\/weserigel.de\/wp-content\/uploads\/2025\/08\/weserigel-7749-scaled-e1756158276270-768x468.jpg 768w, https:\/\/weserigel.de\/wp-content\/uploads\/2025\/08\/weserigel-7749-scaled-e1756158276270-1536x937.jpg 1536w, https:\/\/weserigel.de\/wp-content\/uploads\/2025\/08\/weserigel-7749-scaled-e1756158276270-2048x1249.jpg 2048w\" sizes=\"auto, (max-width: 1024px) 100vw, 1024px\" \/><figcaption class=\"wp-element-caption\">\u00a9Fotos von Blickwinkel Fotografie Vanessa von Wieding<\/figcaption><\/figure>\n\n\n\n<p><strong>Erste Hilfe Ma\u00dfnahmen:<\/strong><\/p>\n\n\n\n<p>1. Wiegen<\/p>\n\n\n\n<p>2. Fliegeneier\/ Maden umgehend entfernen<\/p>\n\n\n\n<p>3. In eine Box mit einer (lauwarmen) W\u00e4rmflasche &amp; einem Handtuch setzen<\/p>\n\n\n\n<p>4. Etwas Wasser in einem flachen Trinknapf bereitstellen<\/p>\n\n\n\n<p>5. Kontakt zu Profis herstellen<\/p>\n\n\n\n<p>Bitte kein Futter geben! Nur nach Absprache mit Expert*innen (Refeeding-Syndrom)<\/p>\n\n\n\n<p>Von Juni bis September tragen und s\u00e4ugen Igeldamen. In diesem Zeitraum bei weiblichen Igel in Not nur in Abstimmung mit Profis aus der Natur entnehmen. Falls tote Igeldamen gefunden werden, im Zeitraum von Juli bis Oktober mit Anzeichen, dass diese s\u00e4ugen, bitte die Umgebung nach Nachwuchs absuchen.<\/p>\n\n\n\n<p><\/p>\n\n\n\n<figure class=\"wp-block-image size-large\"><img loading=\"lazy\" decoding=\"async\" width=\"679\" height=\"1024\" src=\"https:\/\/weserigel.de\/wp-content\/uploads\/2025\/08\/Igelwiegen-679x1024.jpeg\" alt=\"\" class=\"wp-image-85\" srcset=\"https:\/\/weserigel.de\/wp-content\/uploads\/2025\/08\/Igelwiegen-679x1024.jpeg 679w, https:\/\/weserigel.de\/wp-content\/uploads\/2025\/08\/Igelwiegen-199x300.jpeg 199w, https:\/\/weserigel.de\/wp-content\/uploads\/2025\/08\/Igelwiegen-768x1159.jpeg 768w, https:\/\/weserigel.de\/wp-content\/uploads\/2025\/08\/Igelwiegen-1018x1536.jpeg 1018w, https:\/\/weserigel.de\/wp-content\/uploads\/2025\/08\/Igelwiegen.jpeg 1024w\" sizes=\"auto, (max-width: 679px) 100vw, 679px\" \/><figcaption class=\"wp-element-caption\">\u00a9Fotos von Weserigel Merve Mareike Nietardt<\/figcaption><\/figure>\n\n\n\n<p>Notfallkontakte:<\/p>\n\n\n\n<p><a href=\"https:\/\/www.tiho-hannover.de\/kliniken-institute\/kliniken\/klinik-fuer-kleintiere\" target=\"_blank\" rel=\"noreferrer noopener\"><strong>Tier\u00e4rztliche Hochschule Hannover 24\/7 <\/strong><\/a><\/p>\n\n\n\n<p>Klinik f\u00fcr Heimtiere, Reptilien und V\u00f6gel<br>B\u00fcnteweg 9<br>30559 Hannover<br>Telefonisch ist die Klinik von 8 bis 17 Uhr erreichbar. Au\u00dferhalb dieser Zeiten kommen Sie bitte direkt zur Klinik.<br>Tel.: +49 511 953-6800<br>heimtiere@tiho-hannover.de<\/p>\n\n\n\n<p><a href=\"https:\/\/wildtierstation.de\/service\/\" target=\"_blank\" rel=\"noreferrer noopener\"><strong>Wild- und Artenschutzstation Sachsenhagen<\/strong><\/a><\/p>\n\n\n\n<p>Hohe Warte 1<br>31553 Sachsenhagen<\/p>\n\n\n\n<p><a href=\"https:\/\/www.aktiontier-igelzentrum.de\/\" target=\"_blank\" rel=\"noreferrer noopener\"><strong>Igelzentrum Laatzen<\/strong><\/a><\/p>\n\n\n\n<p>aktion tier &#8211; Igelzentrum Niedersachsen e.V.<\/p>\n\n\n\n<p>Am S\u00fcdtor 11<br>30880 Laatzen<\/p>\n\n\n\n<p><a href=\"https:\/\/chat.whatsapp.com\/BCkYxMzdJTF6nLwGV47K7a?mode=ems_wa_t\" target=\"_blank\" rel=\"noreferrer noopener\"><strong>Notfall WA Gruppe der Igelstation Weserigel<\/strong><\/a><\/p>\n\n\n\n<figure class=\"wp-block-image size-full is-resized\"><img loading=\"lazy\" decoding=\"async\" width=\"391\" height=\"398\" src=\"https:\/\/weserigel.de\/wp-content\/uploads\/2025\/08\/WA-QR.jpg\" alt=\"\" class=\"wp-image-159\" style=\"width:136px;height:auto\" srcset=\"https:\/\/weserigel.de\/wp-content\/uploads\/2025\/08\/WA-QR.jpg 391w, https:\/\/weserigel.de\/wp-content\/uploads\/2025\/08\/WA-QR-295x300.jpg 295w\" sizes=\"auto, (max-width: 391px) 100vw, 391px\" \/><figcaption class=\"wp-element-caption\">Folge diesen QR-Code\nzur unserer WhatsApp Notfallgruppe<\/figcaption><\/figure>\n\n\n\n<p>weserigel: igel[at]weserigel.de<\/p>\n\n\n\n<p><\/p>\n","protected":false},"excerpt":{"rendered":"<p>Seit August 2025 ist der Igel auf der Nds Vorwarnliste der Roten Liste. Durch das massive Artensterben der Insekten fehlt Igeln ihre Lebensgrundlage. Der Bestand der Igel hat sich in den letzten Jahren stark reduziert. Sein Lebensraum wird durch uns Menschen mit unserer Technik immer mehr zerst\u00f6rt. Verletzungen durch Gartenmaschinen, Tod durch den Stra\u00dfenverkehr oder [&hellip;]<\/p>\n","protected":false},"author":3,"featured_media":0,"parent":0,"menu_order":0,"comment_status":"closed","ping_status":"closed","template":"","meta":{"footnotes":""},"class_list":["post-114","page","type-page","status-publish","hentry"],"_links":{"self":[{"href":"https:\/\/weserigel.de\/index.php\/wp-json\/wp\/v2\/pages\/114","targetHints":{"allow":["GET"]}}],"collection":[{"href":"https:\/\/weserigel.de\/index.php\/wp-json\/wp\/v2\/pages"}],"about":[{"href":"https:\/\/weserigel.de\/index.php\/wp-json\/wp\/v2\/types\/page"}],"author":[{"embeddable":true,"href":"https:\/\/weserigel.de\/index.php\/wp-json\/wp\/v2\/users\/3"}],"replies":[{"embeddable":true,"href":"https:\/\/weserigel.de\/index.php\/wp-json\/wp\/v2\/comments?post=114"}],"version-history":[{"count":27,"href":"https:\/\/weserigel.de\/index.php\/wp-json\/wp\/v2\/pages\/114\/revisions"}],"predecessor-version":[{"id":212,"href":"https:\/\/weserigel.de\/index.php\/wp-json\/wp\/v2\/pages\/114\/revisions\/212"}],"wp:attachment":[{"href":"https:\/\/weserigel.de\/index.php\/wp-json\/wp\/v2\/media?parent=114"}],"curies":[{"name":"wp","href":"https:\/\/api.w.org\/{rel}","templated":true}]}}